{"id":682,"date":"2022-10-27T11:22:37","date_gmt":"2022-10-27T09:22:37","guid":{"rendered":"https:\/\/minirentall.it\/mensile\/?post_type=product&#038;p=682"},"modified":"2026-01-08T15:35:07","modified_gmt":"2026-01-08T14:35:07","slug":"suv-compact-categoria-f","status":"publish","type":"product","link":"https:\/\/minirentall.it\/mensile\/auto\/suv-compact-categoria-f\/","title":{"rendered":"CROSSOVER COMPACT &#8211; CATEGORIA F"},"content":{"rendered":"","protected":false},"excerpt":{"rendered":"<div class=\"wpb_text_column wpb_content_element vc_custom_1653913441314\">\n<div class=\"wpb_wrapper\">\n<p>La scelta si riferisce alla categoria, non al modello. Ecco alcuni esempi di veicoli che potrebbero essere assegnati in fase di ritiro.<\/p>\n<p>&nbsp;<\/p>\n<\/div>\n<\/div>\n<div class=\"wpb_text_column wpb_content_element vc_custom_1656342188228 elenco-auto\">\n<div class=\"wpb_wrapper\">\n<ul>\n<li>Citroen C3 Aircross BlueHDi 100 Feel\/Shine<\/li>\n<li>Opel Crossland X Ultimate 1.2 S\/S 130CV<\/li>\n<li>Peugeot 2008 Puretech S&amp;S Allure\/Active<\/li>\n<\/ul>\n<\/div>\n<p>&nbsp;<\/p>\n<p><strong>PREZZO MENSILE:<\/strong> 913,50 \u20ac (iva esclusa)<\/p>\n<\/div>\n<p>&nbsp;<\/p>\n<div class=\"wpb_text_column wpb_content_element vc_custom_1667571042883\">\n<div class=\"wpb_wrapper\">\n<p><span style=\"font-size: 12px; text-decoration: underline;\"><strong>LA TARIFFA NON INCLUDE:<\/strong><\/span><br \/>\n<span style=\"font-size: 12px;\"><strong>\u2013 Oneri aeroportuali (+18%)<\/strong><\/span><br \/>\n<span style=\"font-size: 12px;\"><strong>\u2013 Oneri ferroviari (+14%)<\/strong><\/span><br \/>\n<span style=\"font-size: 12px;\"><strong>Calcolati sul totale del noleggio tasse escluse.<\/strong><\/span><\/p>\n<\/div>\n<\/div>\n<div class=\"wpb_wrapper\">\n<p>&nbsp;<\/p>\n<p><span style=\"font-size: 12px; text-decoration: underline;\"><strong>PAGAMENTI ACCETTATI:<\/strong><\/span><br \/>\n<img decoding=\"async\" style=\"width: 300px; margin: 10px 0px;\" src=\"https:\/\/minirentall.it\/mensile\/wp-content\/uploads\/2023\/07\/pagamenti-accettati.jpg\" alt=\"pagamenti\" \/><br \/>\n<span style=\"font-size: 12px; line-height: 15px;\"><strong>Per noleggiare un veicolo \u00e8 necessario essere in possesso di una carta di credito tradizionale intestata a chi ritira il veicolo. \u00c8 l\u2019unica modalit\u00e0 di pagamento accettata.<\/strong><\/span><\/p>\n<\/div>\n<p>&nbsp;<\/p>\n<p>&nbsp;<\/p>\n<p>Il contratto verr\u00e0 rinnovato allo scadere dei 30 giorni in accordo con l&#8217;agenzia dove \u00e8 stata ritirata la vettura.<\/p>\n","protected":false},"featured_media":623,"template":"","meta":[],"product_cat":[17],"product_tag":[],"yoast_head":"<!-- This site is optimized with the Yoast SEO plugin v19.9 - https:\/\/yoast.com\/wordpress\/plugins\/seo\/ -->\n<title>CROSSOVER COMPACT - CATEGORIA F - Minirentall<\/title>\n<meta name=\"robots\" content=\"index, follow, max-snippet:-1, max-image-preview:large, max-video-preview:-1\" \/>\n<link rel=\"canonical\" href=\"https:\/\/minirentall.it\/mensile\/auto\/suv-compact-categoria-f\/\" \/>\n<meta property=\"og:locale\" content=\"it_IT\" \/>\n<meta property=\"og:type\" content=\"article\" \/>\n<meta property=\"og:title\" content=\"CROSSOVER COMPACT - CATEGORIA F - Minirentall\" \/>\n<meta property=\"og:description\" content=\"La scelta si riferisce alla categoria, non al modello. Ecco alcuni esempi di veicoli che potrebbero essere assegnati in fase di ritiro.  &nbsp;        Citroen C3 Aircross BlueHDi 100 Feel\/Shine  Opel Crossland X Ultimate 1.2 S\/S 130CV  Peugeot 2008 Puretech S&amp;S Allure\/Active   &nbsp;  PREZZO MENSILE: 913,50 \u20ac (iva esclusa)   &nbsp;    LA TARIFFA NON INCLUDE: \u2013 Oneri aeroportuali (+18%) \u2013 Oneri ferroviari (+14%) Calcolati sul totale del noleggio tasse escluse.      &nbsp;  PAGAMENTI ACCETTATI:  Per noleggiare un veicolo \u00e8 necessario essere in possesso di una carta di credito tradizionale intestata a chi ritira il veicolo. \u00c8 l\u2019unica modalit\u00e0 di pagamento accettata.   &nbsp;  &nbsp;  Il contratto verr\u00e0 rinnovato allo scadere dei 30 giorni in accordo con l&#039;agenzia dove \u00e8 stata ritirata la vettura.\" \/>\n<meta property=\"og:url\" content=\"https:\/\/minirentall.it\/mensile\/auto\/suv-compact-categoria-f\/\" \/>\n<meta property=\"og:site_name\" content=\"Minirentall\" \/>\n<meta property=\"article:modified_time\" content=\"2026-01-08T14:35:07+00:00\" \/>\n<meta property=\"og:image\" content=\"https:\/\/minirentall.it\/mensile\/wp-content\/uploads\/2022\/10\/jeep-renegade.jpg\" \/>\n\t<meta property=\"og:image:width\" content=\"1280\" \/>\n\t<meta property=\"og:image:height\" content=\"870\" \/>\n\t<meta property=\"og:image:type\" content=\"image\/jpeg\" \/>\n<meta name=\"twitter:card\" content=\"summary_large_image\" \/>\n<script type=\"application\/ld+json\" class=\"yoast-schema-graph\">{\"@context\":\"https:\/\/schema.org\",\"@graph\":[{\"@type\":\"WebPage\",\"@id\":\"https:\/\/minirentall.it\/mensile\/auto\/suv-compact-categoria-f\/\",\"url\":\"https:\/\/minirentall.it\/mensile\/auto\/suv-compact-categoria-f\/\",\"name\":\"CROSSOVER COMPACT - CATEGORIA F - Minirentall\",\"isPartOf\":{\"@id\":\"https:\/\/minirentall.it\/mensile\/#website\"},\"datePublished\":\"2022-10-27T09:22:37+00:00\",\"dateModified\":\"2026-01-08T14:35:07+00:00\",\"breadcrumb\":{\"@id\":\"https:\/\/minirentall.it\/mensile\/auto\/suv-compact-categoria-f\/#breadcrumb\"},\"inLanguage\":\"it-IT\",\"potentialAction\":[{\"@type\":\"ReadAction\",\"target\":[\"https:\/\/minirentall.it\/mensile\/auto\/suv-compact-categoria-f\/\"]}]},{\"@type\":\"BreadcrumbList\",\"@id\":\"https:\/\/minirentall.it\/mensile\/auto\/suv-compact-categoria-f\/#breadcrumb\",\"itemListElement\":[{\"@type\":\"ListItem\",\"position\":1,\"name\":\"Home\",\"item\":\"https:\/\/minirentall.it\/mensile\/\"},{\"@type\":\"ListItem\",\"position\":2,\"name\":\"Prodotti\",\"item\":\"https:\/\/minirentall.it\/mensile\/shop\/\"},{\"@type\":\"ListItem\",\"position\":3,\"name\":\"CROSSOVER COMPACT &#8211; CATEGORIA F\"}]},{\"@type\":\"WebSite\",\"@id\":\"https:\/\/minirentall.it\/mensile\/#website\",\"url\":\"https:\/\/minirentall.it\/mensile\/\",\"name\":\"Minirentall\",\"description\":\"Noleggio a breve, medio e lungo termine\",\"potentialAction\":[{\"@type\":\"SearchAction\",\"target\":{\"@type\":\"EntryPoint\",\"urlTemplate\":\"https:\/\/minirentall.it\/mensile\/?s={search_term_string}\"},\"query-input\":\"required name=search_term_string\"}],\"inLanguage\":\"it-IT\"}]}<\/script>\n<!-- \/ Yoast SEO plugin. -->","yoast_head_json":{"title":"CROSSOVER COMPACT - CATEGORIA F - Minirentall","robots":{"index":"index","follow":"follow","max-snippet":"max-snippet:-1","max-image-preview":"max-image-preview:large","max-video-preview":"max-video-preview:-1"},"canonical":"https:\/\/minirentall.it\/mensile\/auto\/suv-compact-categoria-f\/","og_locale":"it_IT","og_type":"article","og_title":"CROSSOVER COMPACT - CATEGORIA F - Minirentall","og_description":"La scelta si riferisce alla categoria, non al modello. Ecco alcuni esempi di veicoli che potrebbero essere assegnati in fase di ritiro.  &nbsp;        Citroen C3 Aircross BlueHDi 100 Feel\/Shine  Opel Crossland X Ultimate 1.2 S\/S 130CV  Peugeot 2008 Puretech S&amp;S Allure\/Active   &nbsp;  PREZZO MENSILE: 913,50 \u20ac (iva esclusa)   &nbsp;    LA TARIFFA NON INCLUDE: \u2013 Oneri aeroportuali (+18%) \u2013 Oneri ferroviari (+14%) Calcolati sul totale del noleggio tasse escluse.      &nbsp;  PAGAMENTI ACCETTATI:  Per noleggiare un veicolo \u00e8 necessario essere in possesso di una carta di credito tradizionale intestata a chi ritira il veicolo. \u00c8 l\u2019unica modalit\u00e0 di pagamento accettata.   &nbsp;  &nbsp;  Il contratto verr\u00e0 rinnovato allo scadere dei 30 giorni in accordo con l'agenzia dove \u00e8 stata ritirata la vettura.","og_url":"https:\/\/minirentall.it\/mensile\/auto\/suv-compact-categoria-f\/","og_site_name":"Minirentall","article_modified_time":"2026-01-08T14:35:07+00:00","og_image":[{"width":1280,"height":870,"url":"https:\/\/minirentall.it\/mensile\/wp-content\/uploads\/2022\/10\/jeep-renegade.jpg","type":"image\/jpeg"}],"twitter_card":"summary_large_image","schema":{"@context":"https:\/\/schema.org","@graph":[{"@type":"WebPage","@id":"https:\/\/minirentall.it\/mensile\/auto\/suv-compact-categoria-f\/","url":"https:\/\/minirentall.it\/mensile\/auto\/suv-compact-categoria-f\/","name":"CROSSOVER COMPACT - CATEGORIA F - Minirentall","isPartOf":{"@id":"https:\/\/minirentall.it\/mensile\/#website"},"datePublished":"2022-10-27T09:22:37+00:00","dateModified":"2026-01-08T14:35:07+00:00","breadcrumb":{"@id":"https:\/\/minirentall.it\/mensile\/auto\/suv-compact-categoria-f\/#breadcrumb"},"inLanguage":"it-IT","potentialAction":[{"@type":"ReadAction","target":["https:\/\/minirentall.it\/mensile\/auto\/suv-compact-categoria-f\/"]}]},{"@type":"BreadcrumbList","@id":"https:\/\/minirentall.it\/mensile\/auto\/suv-compact-categoria-f\/#breadcrumb","itemListElement":[{"@type":"ListItem","position":1,"name":"Home","item":"https:\/\/minirentall.it\/mensile\/"},{"@type":"ListItem","position":2,"name":"Prodotti","item":"https:\/\/minirentall.it\/mensile\/shop\/"},{"@type":"ListItem","position":3,"name":"CROSSOVER COMPACT &#8211; CATEGORIA F"}]},{"@type":"WebSite","@id":"https:\/\/minirentall.it\/mensile\/#website","url":"https:\/\/minirentall.it\/mensile\/","name":"Minirentall","description":"Noleggio a breve, medio e lungo termine","potentialAction":[{"@type":"SearchAction","target":{"@type":"EntryPoint","urlTemplate":"https:\/\/minirentall.it\/mensile\/?s={search_term_string}"},"query-input":"required name=search_term_string"}],"inLanguage":"it-IT"}]}},"_links":{"self":[{"href":"https:\/\/minirentall.it\/mensile\/wp-json\/wp\/v2\/product\/682"}],"collection":[{"href":"https:\/\/minirentall.it\/mensile\/wp-json\/wp\/v2\/product"}],"about":[{"href":"https:\/\/minirentall.it\/mensile\/wp-json\/wp\/v2\/types\/product"}],"wp:featuredmedia":[{"embeddable":true,"href":"https:\/\/minirentall.it\/mensile\/wp-json\/wp\/v2\/media\/623"}],"wp:attachment":[{"href":"https:\/\/minirentall.it\/mensile\/wp-json\/wp\/v2\/media?parent=682"}],"wp:term":[{"taxonomy":"product_cat","embeddable":true,"href":"https:\/\/minirentall.it\/mensile\/wp-json\/wp\/v2\/product_cat?post=682"},{"taxonomy":"product_tag","embeddable":true,"href":"https:\/\/minirentall.it\/mensile\/wp-json\/wp\/v2\/product_tag?post=682"}],"curies":[{"name":"wp","href":"https:\/\/api.w.org\/{rel}","templated":true}]}}